 a prime number?
False
Is 6246601 a composite number?
False
Is 18332203 composite?
True
Is 1024799 prime?
True
Is 16158013 composite?
True
Is 20474677 prime?
True
Is 5634749 a composite number?
False
Is 36158861 prime?
True
Is 912559 a prime number?
True
Is 27137671 prime?
False
Is 600257 composite?
True
Is 96097 composite?
False
Is 1135513 composite?
False
Is 1942929857 a composite number?
True
Is 2290403 a prime number?
True
Is 5752733 prime?
False
Is 559747 a composite number?
False
Is 66912949 prime?
True
Is 155270521 composite?
True
Is 39805043 a composite number?
False
Is 5021431 a composite number?
True
Is 8007631 composite?
False
Is 78145681 a composite number?
False
Is 6926947 a prime number?
True
Is 18908269 a composite number?
False
Is 18745309 a prime number?
False
Is 1643351 a composite number?
False
Is 30345747 a composite number?
True
Is 1479757 prime?
True
Is 142232933 prime?
True
Is 126045989 composite?
False
Is 100730813 a prime number?
True
Is 146398199 composite?
False
Is 160719409 prime?
False
Is 48098767 a prime number?
True
Is 139067 prime?
True
Is 15113309 composite?
False
Is 9595402 prime?
False
Is 8059919 a composite number?
True
Is 9254549 a composite number?
False
Is 3467553 prime?
False
Is 2007743 prime?
False
Is 82139191 composite?
False
Is 2884487 prime?
False
Is 617293 prime?
True
Is 1006559573 a prime number?
True
Is 80841011 prime?
True
Is 6599533 a prime number?
True
Is 20167697 prime?
False
Is 40278929 a composite number?
True
Is 7004873 a composite number?
False
Is 26434049 a prime number?
True
Is 1325011 a prime number?
True
Is 7379569 a composite number?
False
Is 30841397 a prime number?
True
Is 51515129 a prime number?
True
Is 342339 prime?
False
Is 4244027 prime?
True
Is 7185677 a prime number?
True
Is 7126699 prime?
True
Is 466462817 a prime number?
True
Is 94174523 a composite number?
True
Is 9301429 prime?
True
Is 34448585 composite?
True
Is 4911791 a composite number?
False
Is 96749 a prime number?
True
Is 702341 composite?
False
Is 31077511 prime?
True
Is 2872985 a prime number?
False
Is 21569071 composite?
False
Is 12566123 a prime number?
False
Is 513397 prime?
True
Is 8504759 a composite number?
False
Is 1957147 a prime number?
True
Is 1566511 composite?
True
Is 618073 a prime number?
False
Is 112492993 composite?
True
Is 63099473 a composite number?
False
Is 16636933 prime?
False
Is 797071 a prime number?
False
Is 2400397 a prime number?
False
Is 280643971 a composite number?
False
Is 36747673 composite?
False
Is 5156357 a composite number?
True
Is 20522267 composite?
True
Is 101363497 composite?
True
Is 1548135383 prime?
True
Is 126625271 a prime number?
False
Is 6524881 composite?
True
Is 5400257 composite?
False
Is 227059399 a composite number?
True
Is 515917 a composite number?
False
Is 3873059 prime?
False
Is 381534601 prime?
False
Is 14015419 a composite number?
True
Is 684407 prime?
True
Is 39036331 a composite number?
True
Is 93415159 prime?
False
Is 262923631 prime?
False
Is 4833651 composite?
True
Is 2431868429 prime?
True
Is 1515473 a prime number?
False
Is 5279941 composite?
False
Is 15263689 a composite number?
True
Is 67388161 prime?
True
Is 1011419 a composite number?
True
Is 319699433 a composite number?
True
Is 84930089 a composite number?
False
Is 17607569 composite?
True
Is 529778255 a composite number?
True
Is 161924383 a composite number?
False
Is 1401799 a composite number?
True
Is 42089 prime?
True
Is 12709201 a composite number?
True
Is 792223 a prime number?
True
Is 8069671 composite?
False
Is 628367 a prime number?
False
Is 27641177 a composite number?
True
Is 4056113 a composite number?
True
Is 2864258 prime?
False
Is 165704177 composite?
True
Is 4754071 a composite number?
True
Is 1456099 composite?
False
Is 305744515 prime?
False
Is 2221721 a prime number?
True
Is 1031371 prime?
False
Is 5643683 a composite number?
False
Is 1308451 prime?
False
Is 151652009 a composite number?
False
Is 3423811 a prime number?
True
Is 29388587 a composite number?
True
Is 77742257 a composite number?
False
Is 23409263 prime?
True
Is 9118855 a prime number?
False
Is 127348841 a prime number?
True
Is 208927 a composite number?
False
Is 369233485 prime?
False
Is 9003263 prime?
True
Is 3660259 composite?
False
Is 566561029 a prime number?
True
Is 53827783 composite?
True
Is 2680877 composite?
False
Is 14509391 a composite number?
True
Is 1124101 prime?
False
Is 2099911 prime?
False
Is 19231 prime?
True
Is 6675709 a composite number?
False
Is 429466 prime?
False
Is 5706079 composite?
False
Is 76345547 a composite number?
True
Is 41549623 prime?
False
Is 171289069 prime?
False
Is 183702989 a composite number?
False
Is 470027323 a composite number?
False
Is 668388011 prime?
True
Is 520788113 a prime number?
True
Is 25691501 a prime number?
False
Is 4453387 a prime number?
True
Is 1869823 composite?
False
Is 22856819 prime?
True
Is 23420807 a composite number?
False
Is 379961 a prime number?
False
Is 177736397 composite?
False
Is 408433309 prime?
True
Is 30026933 composite?
True
Is 8949851 a prime number?
False
Is 4788379 a composite number?
False
Is 15637213 a composite number?
False
Is 229685531 composite?
True
Is 10288841 a composite number?
False
Is 3776477 a composite number?
True
Is 1288367 composite?
False
Is 2789929 a prime number?
True
Is 6006547 a prime number?
True
Is 202829603 a composite number?
True
Is 25864249 a prime number?
True
Is 8598301 a prime number?
False
Is 7735081 a composite number?
False
Is 1605467 a prime number?
False
Is 25721641 composite?
True
Is 58764949 composite?
True
Is 24187399 composite?
True
Is 1351855 a prime number?
False
Is 4434559 prime?
False
Is 1186567 composite?
True
Is 92281061 prime?
False
Is 59535839 composite?
True
Is 711485 a composite number?
True
Is 979831 composite?
False
Is 49639273 prime?
True
Is 29387087 composite?
False
Is 79160287 prime?
False
Is 2533393 a prime number?
True
Is 11914763 prime?
False
Is 14917439 prime?
True
Is 632773 prime?
True
Is 37052969 prime?
True
Is 105847597 a prime number?
False
Is 2489183 prime?
True
Is 221848729 prime?
True
Is 8790737 composite?
True
Is 4999537 prime?
True
Is 8196427 prime?
False
Is 97344719 a prime number?
True
Is 19461914 prime?
False
Is 27609217 composite?
False
Is 10581457 a composite number?
False
Is 57460409 a composite number?
True
Is 86525509 prime?
False
Is 16600099 a prime number?
True
Is 68148787 prime?
False
Is 344719 prime?
True
Is 2364815 a composite number?
True
Is 125275078 composite?
True
Is 1725923 a prime number?
True
Is 396915809 prime?
True
Is 103673173 prime?
False
Is 615283931 a composite number?
True
Is 2696663 a composite number?
False
Is 178231 a prime number?
True
Is 2022583 a prime number?
True
Is 682811 composite?
False
Is 8285581 composite?
False
Is 18422377 composite?
True
Is 136034407 a composite number?
True
Is 613127323 a prime number?
False
Is 38785657 a prime number?
False
Is 8439637 a composite number?
False
Is 81432367 a composite number?
False
Is 5638751 composite?
False
Is 16995467 prime?
False
Is 1877891 a composite number?
False
Is 2937743 composite?
False
Is 118838753 a composite number?
True
Is 9875647 a prime number?
False
Is 1399019497 composite?
False
Is 208022839 a prime number?
False
Is 38479817 a prime number?
True
Is 31877453 prime?
True
Is 9630977 composite?
False
Is 765679 a composite number?
True
Is 139725323 composite?
False
Is 1332557 a prime number?
True
Is 47507861 composite?
False
Is 41588621 composite?
False
Is 1301849 a prime number?
True
Is 4458437 composite?
True
Is 3809461 composite?
False
Is 6307771 a prime number?
True
Is 24620353 prime?
True
Is 124804339 composite?
True
Is 74723669 composite?
False
Is 1668657 prime?
False
Is 65130467 a prime number?
False
Is 79474165 a composite number?
True
Is 5861171 prime?
True
Is 9106061 a composite number?
False
Is 157771226 composite?
True
Is 1173203 a composite number?
True
Is 77431813 a prime number?
True
Is 11905033 composite?
True
Is 711155 prime?
False
Is 83991965 a prime number?
False
Is 96544199 a composite number?
True
Is 43083917 a prime number?
True
Is 1113877 a composite number?
False
Is 27986419 prime?
False
Is 18179179 a prime number?
False
Is 3157093 a composite number?